hat is -3 - -633?
630
In base 11, what is -4 - 91?
-95
In base 3, what is -20 - 1010?
-1100
In base 4, what is 0 - 332?
-332
In base 2, what is -1001001111 - 1?
-1001010000
In base 6, what is 335 + 13?
352
In base 11, what is 0 - -7a?
7a
In base 4, what is 32201 - 10?
32131
In base 3, what is 10212 + -1?
10211
In base 7, what is 25 + 413?
441
In base 14, what is 17 + -10?
7
In base 12, what is 3 - -1?
4
In base 11, what is -12a + 6?
-124
In base 10, what is -28 + -5?
-33
In base 2, what is -1011110 - -1001?
-1010101
In base 7, what is -1 - 302?
-303
In base 16, what is 1f - -b?
2a
In base 5, what is -3 - -21123?
21120
In base 16, what is c06 - 5?
c01
In base 9, what is 36 - -45?
82
In base 12, what is -11 + 38?
27
In base 2, what is 111010 - 11?
110111
In base 6, what is -2 + -10241?
-10243
In base 11, what is 98 + 6?
a3
In base 6, what is -13553 - -3?
-13550
In base 4, what is 31020 + 0?
31020
In base 12, what is -4 - -66?
62
In base 4, what is 2033 + -11?
2022
In base 7, what is -16 - 6?
-25
In base 14, what is -2 + -2b?
-2d
In base 13, what is 566 + -8?
55b
In base 6, what is 1 + 231?
232
In base 7, what is -1 + -416?
-420
In base 11, what is -3 + 1000?
aa8
In base 5, what is 41 - 313?
-222
In base 14, what is -39 + -40?
-79
In base 14, what is 6 - 3c?
-36
In base 15, what is 3 + -a?
-7
In base 5, what is -13 + -10?
-23
In base 3, what is 2100 - 2121?
-21
In base 3, what is -2222201 + 10?
-2222121
In base 13, what is 594 - -5?
599
In base 12, what is 4 + 25?
29
In base 14, what is -16 + -1a?
-32
In base 9, what is -361 + -8?
-370
In base 7, what is 501 + 26?
530
In base 9, what is 3215 + -3?
3212
In base 2, what is 111010 + 11101?
1010111
In base 6, what is 254 + 50?
344
In base 4, what is 211201 + 21?
211222
In base 12, what is 3 - -748?
74b
In base 13, what is 2cb7 - 0?
2cb7
In base 8, what is -42 - 151?
-213
In base 12, what is 10 + -145?
-135
In base 16, what is -1 + 74b?
74a
In base 12, what is 10 + -7?
5
In base 10, what is -3 - -88?
85
In base 4, what is -10 - 31?
-101
In base 12, what is 1 + a4?
a5
In base 2, what is -10 + 1100000?
1011110
In base 8, what is 3 + -105?
-102
In base 11, what is -64 - -4?
-60
In base 4, what is 3100232 - 2?
3100230
In base 3, what is 12 - 10102?
-10020
In base 9, what is 1 + -166?
-165
In base 12, what is -4 - -13?
b
In base 7, what is 61 + -1?
60
In base 11, what is 24 - 0?
24
In base 11, what is 10 + 118?
128
In base 16, what is 31a - 5?
315
In base 16, what is -1f6 + -5?
-1fb
In base 12, what is 4 + -318?
-314
In base 11, what is -2 - 23?
-25
In base 12, what is -141 + 9?
-134
In base 12, what is 110 + 2?
112
In base 9, what is 24 + -87?
-63
In base 8, what is 36 + -4?
32
In base 2, what is 1010001001 + 0?
1010001001
In base 10, what is 1 + -268?
-267
In base 8, what is 11041 - -5?
11046
In base 15, what is 2 - -d1d?
d20
In base 10, what is -100 + -5?
-105
In base 5, what is -34 + 32?
-2
In base 9, what is 5 - 104?
-88
In base 2, what is 11010 - -11110?
111000
In base 11, what is 12 - 5?
8
In base 7, what is 5 - 64?
-56
In base 12, what is -288 - -1?
-287
In base 9, what is -20 - 106?
-126
In base 12, what is -64 - 15?
-79
In base 7, what is 0 - -153?
153
In base 9, what is -4 - -237?
233
In base 3, what is 2 - 10021022?
-10021020
In base 13, what is 5 - 15c?
-157
In base 14, what is 292 - -4?
296
In base 12, what is -1 + -1520?
-1521
In base 9, what is -478 - -4?
-474
In base 5, what is -120422 + 1?
-120421
In base 14, what is 3 - 10?
-b
In base 10, what is 10 - -537?
547
In base 12, what is -19 - -7?
-12
In base 16, what is -10 + -10?
-20
In base 9, what is -22 - 106?
-128
In base 13, what is 90 - 1?
8c
In base 14, what is -c6 - 46?
-12c
In base 7, what is 21 + -4?
14
In base 11, what is -5 + -a3?
-a8
In base 13, what is -4 + 18?
14
In base 8, what is 75 + 462?
557
In base 9, what is 0 - -3033?
3033
In base 2, what is -1010000101 + -101?
-1010001010
In base 4, what is -1201 + -11?
-1212
In base 15, what is -5 - -8cd?
8c8
In base 12, what is -674 - 5?
-679
In base 13, what is 1 + -11b?
-11a
In base 10, what is 30 + 4?
34
In base 13, what is -1 - 115c?
-1160
In base 10, what is -12785 + 0?
-12785
In base 7, what is -4 + -20?
-24
In base 5, what is 2 - -213?
220
In base 4, what is 310 - -110?
1020
In base 4, what is 10 + -113223?
-113213
In base 14, what is -1 - -842?
841
In base 13, what is -4 - 48?
-4c
In base 3, what is 12 + -200?
-111
In base 14, what is -a8 + -26?
-d0
In base 14, what is -23 - -13?
-10
In base 16, what is 99 - 8e?
b
In base 13, what is 2 + -29a?
-298
In base 7, what is -1133 - 1?
-1134
In base 9, what is -346 - -11?
-335
In base 11, what is 2a2 - a?
293
In base 13, what is -1179 - -3?
-1176
In base 13, what is 4 + -1399?
-1395
In base 8, what is 1 - 15?
-14
In base 13, what is 58b - 0?
58b
In base 5, what is 3 - -12?
20
In base 2, what is -1100 + -11111010?
-100000110
In base 11, what is 6 - -3?
9
In base 11, what is 2 + 2339?
2340
In base 4, what is -10 - -121?
111
In base 11, what is 17 + -112?
-a6
In base 6, what is -3 - 45525?
-45532
In base 10, what is -5 - -126?
121
In base 7, what is -523 + -4?
-530
In base 10, what is 42 + 18?
60
In base 4, what is 2102 + -3?
2033
In base 16, what is -21 - 56?
-77
In base 10, what is 14 - 71?
-57
In base 4, what is 102 - -3131?
3233
In base 16, what is 2 + -111?
-10f
In base 14, what is -11 + -23?
-34
In base 4, what is -131 + -1?
-132
In base 5, what is -141112 - -2?
-141110
In base 12, what is 2 - 79?
-77
In base 3, what is 12 - 120200?
-120111
In base 13, what is 20 + 32?
52
In base 15, what is 57 + -30?
27
In base 8, what is 1006 + -51?
735
In base 3, what is 212 - 1002?
-20
In base 16, what is 1ee + d?
1fb
In base 9, what is -15 + -14?
-30
In base 10, what is -11 - 568?
-579
In base 12, what is -1aa - -4?
-1a6
In base 15, what is 29 + -a?
1e
In base 9, what is 60 - -4?
64
In base 5, what is -214 + 114?
-100
In base 16, what is 25 + -11?
14
In base 10, what is -10 + 54?
44
In base 13, what is -2046 - -5?
-2041
In base 8, what is -30 + 16?
-12
In base 6, what is 2304 + 0?
2304
In base 9, what is 535 - -2?
537
In base 11, what is 1 + 57?
58
In base 10, what is -4 + 183?
179
In base 7, what is 14 + 32?
46
In base 3, what is -1121 - 11?
-1202
In base 16, what is 13 + -9?
a
In base 6, what is 14 + -202?
-144
In base 10, what is -309 + 5?
-304
In base 2, what is -111011011100 + 1?
-111011011011
In base 4, what is 1112 - -312?
2030
In base 11, what is -1 - 30?
-31
In base 3, what is 100000121 + -1?
100000120
In base 14, what is -79 + -1?
-7a
In base 8, what is 351 + 4?
355
In base 12, what is 10 - 210?
-200
In base 12, what is -1 + 78?
77
In base 15, what is -5 + -e4?
-e9
In base 14, what is -da + -1?
-db
In base 16, what is 3 + 24?
27
In base 6, what is 1452 + -5?
1443
In base 2, what is 10 + -10110111100?
-10110111010
In base 8, what is -417 - -5?
-412
In base 2, what is -1 - 1010?
-1011
In base 8, what is -6526 + -4?
-6532
In base 7, what is -5 + -2555?
-2563
In base 3, what is 222112010 - -10?
222112020
In base 6, what is -5 + 3132?
3123
In base 6, what is 10334 - 2?
10332
In base 12, what is 4 + aa?
b2
In base 14, what is 3 + -61b?
-618
In base 11, what is 101a - -2?
1021
In base 2, what is -11 - 10111101?
-11000000
In base 9, what is 107 + -3?
104
In base 5, what is 20 + -24?
-4
In base 11, what is 88 - -5?
92
In base 15, what is -1 + 1430?
142e
In base 3, what is -102 + -220211?
-221020
In base 16, what is 2 + df?
e1
In base 8, what is 1 + 3?
4
In base 8, what is -15 + -5?
-22
In base 6, what is 32 - -1054?
1130
In base 12, what is -3 + 1b?
18
In base 14, what is 3 - -12?
15
In base 11, what is 0 + 121?
121
In base 2, what is 101 + 1011111000?
1011111101
In base 11, what is -101 + 3?
-a9
In base 14, what is -7d - 1?
-80
In base 3, what is 12 + 10012?
10101
In base 3, what is 11 + 111011?
111022
In base 16, what is 11 - -1b4?
1c5
In base 10, what is 64 + -2?
62
In base 6, what is 0 + -101?
-101
In base 3, what is 2 - -10111?
10120
In base 9, what is -556 + 1?
-555
In base 11, what is 2 + 4?
6
In base 2, what is -101001 + -10101?
-111110
In base 5, what is -33 + -142?
-230
In base 3, what is -11 - 2002110?
-2002121
In base 11, what is -2 + 86?
84
In base 2, what is 101010010 - -10?
101010100
In base 7, what is -1135 - 0?
-1135
In 